he prime factors of 38027052.
2, 3, 7, 150901
List the prime factors of 1542627.
3, 171403
List the prime factors of 2264519.
17, 31, 4297
List the prime factors of 1078448.
2, 7, 9629
What are the prime factors of 3431005?
5, 686201
List the prime factors of 107394.
2, 3, 7, 2557
What are the prime factors of 7145983?
13, 549691
List the prime factors of 153128.
2, 19141
What are the prime factors of 10811332?
2, 7, 386119
What are the prime factors of 4343377?
4343377
List the prime factors of 8586650.
2, 5, 171733
What are the prime factors of 6712603?
17, 23227
List the prime factors of 6631462.
2, 17, 195043
What are the prime factors of 56025?
3, 5, 83
What are the prime factors of 2643876?
2, 3, 271
List the prime factors of 1324830.
2, 3, 5, 13, 43, 79
What are the prime factors of 19577446?
2, 7, 239, 5851
List the prime factors of 4463749.
853, 5233
What are the prime factors of 47504?
2, 2969
List the prime factors of 418519.
43, 9733
What are the prime factors of 643658?
2, 321829
What are the prime factors of 2348077?
19, 123583
What are the prime factors of 214618?
2, 107309
List the prime factors of 5851909.
7, 835987
What are the prime factors of 3989496?
2, 3, 7, 23747
What are the prime factors of 1130416?
2, 7, 10093
What are the prime factors of 440527?
440527
List the prime factors of 119084.
2, 7, 4253
List the prime factors of 411792.
2, 3, 23, 373
List the prime factors of 1263179.
1263179
List the prime factors of 8284025.
5, 23, 14407
What are the prime factors of 506847?
3, 11, 15359
List the prime factors of 10369778.
2, 5184889
What are the prime factors of 304416?
2, 3, 7, 151
List the prime factors of 629089.
167, 3767
List the prime factors of 6756179.
6756179
List the prime factors of 43880.
2, 5, 1097
List the prime factors of 787663.
211, 3733
What are the prime factors of 1003881?
3, 23, 14549
What are the prime factors of 908445?
3, 5, 71, 853
List the prime factors of 16263668.
2, 23, 176779
List the prime factors of 17302429.
83, 208463
What are the prime factors of 1028791?
577, 1783
List the prime factors of 53649.
3, 1987
List the prime factors of 102414.
2, 3, 13, 101
List the prime factors of 210519.
3, 23, 113
List the prime factors of 535223.
13, 3167
What are the prime factors of 174099?
3, 131, 443
List the prime factors of 119303.
53, 2251
List the prime factors of 2645514.
2, 3, 48991
What are the prime factors of 4587741?
3, 23, 37, 599
List the prime factors of 1328327.
7, 11, 13, 1327
List the prime factors of 3682147.
7, 103, 5107
List the prime factors of 5111172.
2, 3, 11, 12907
What are the prime factors of 989875?
5, 7919
List the prime factors of 2363418.
2, 3, 1621
List the prime factors of 10734904.
2, 1341863
List the prime factors of 842982.
2, 3, 7, 20071
List the prime factors of 2150165.
5, 107, 4019
List the prime factors of 6673465.
5, 19, 199, 353
List the prime factors of 2994461.
157, 19073
What are the prime factors of 112283?
47, 2389
List the prime factors of 743678.
2, 13, 28603
What are the prime factors of 103517?
61, 1697
List the prime factors of 3632661.
3, 83, 1621
List the prime factors of 530534.
2, 31, 43, 199
List the prime factors of 19156.
2, 4789
What are the prime factors of 1353661?
263, 5147
List the prime factors of 155620.
2, 5, 31, 251
List the prime factors of 11652885.
3, 5, 127, 2039
What are the prime factors of 9292077?
3, 38239
What are the prime factors of 6165922?
2, 7, 29, 15187
List the prime factors of 864893.
167, 5179
What are the prime factors of 10255401?
3, 13, 23, 37, 103
What are the prime factors of 1015200?
2, 3, 5, 47
What are the prime factors of 681134?
2, 97, 3511
List the prime factors of 162276.
2, 3, 13523
List the prime factors of 1734648.
2, 3, 72277
What are the prime factors of 7290169?
41, 269, 661
List the prime factors of 3260072.
2, 407509
List the prime factors of 4577416.
2, 572177
What are the prime factors of 9624699?
3, 7, 37, 4129
List the prime factors of 1410366.
2, 3, 37, 6353
List the prime factors of 891099.
3, 11, 9001
List the prime factors of 4124361.
3, 1374787
What are the prime factors of 4844725?
5, 193789
List the prime factors of 157218.
2, 3, 26203
What are the prime factors of 204082?
2, 67, 1523
What are the prime factors of 26399795?
5, 5279959
List the prime factors of 1688382.
2, 3, 97, 967
List the prime factors of 1421003.
67, 127, 167
List the prime factors of 1848324.
2, 3, 154027
What are the prime factors of 2324491?
13, 178807
What are the prime factors of 58554?
2, 3, 3253
List the prime factors of 337684.
2, 84421
What are the prime factors of 35144?
2, 23, 191
What are the prime factors of 1392465?
3, 5, 92831
What are the prime factors of 5144340?
2, 3, 5, 83, 1033
List the prime factors of 339524.
2, 17, 4993
List the prime factors of 153109.
11, 31, 449
What are the prime factors of 221121?
3, 79, 311
List the prime factors of 780509.
257, 3037
List the prime factors of 3335482.
2, 1667741
List the prime factors of 989310.
2, 3, 5, 7, 673
List the prime factors of 281144.
2, 113, 311
List the prime factors of 6985225.
5, 13, 21493
List the prime factors of 3564069.
3, 179, 6637
List the prime factors of 4815392.
2, 29, 5189
What are the prime factors of 248572?
2, 62143
List the prime factors of 7588157.
41, 185077
What are the prime factors of 758927?
13, 58379
List the prime factors of 117316.
2, 139, 211
List the prime factors of 877741.
499, 1759
What are the prime factors of 248873?
191, 1303
What are the prime factors of 696889?
696889
List the prime factors of 8048194.
2, 7, 11, 4751
List the prime factors of 615943.
41, 83, 181
List the prime factors of 33734023.
53, 523, 1217
List the prime factors of 3651812.
2, 912953
List the prime factors of 115819.
11, 10529
List the prime factors of 209893.
19, 11047
What are the prime factors of 1151417?
1151417
What are the prime factors of 239347?
239347
List the prime factors of 385135.
5, 17, 23, 197
List the prime factors of 1234126.
2, 19, 47, 691
List the prime factors of 838595.
5, 367, 457
List the prime factors of 212610.
2, 3, 5, 19, 373
List the prime factors of 15145292.
2, 373, 10151
List the prime factors of 42729.
3, 14243
What are the prime factors of 12970712?
2, 23, 157, 449
List the prime factors of 38478.
2, 3, 11, 53
List the prime factors of 24035109.
3, 7, 1144529
What are the prime factors of 208506?
2, 3, 19, 31, 59
What are the prime factors of 290258?
2, 17, 8537
What are the prime factors of 11273491?
31, 11731
List the prime factors of 1506115.
5, 13, 17, 29, 47
List the prime factors of 14990602.
2, 11, 59, 11549
List the prime factors of 22754663.
757, 30059
What are the prime factors of 1205558?
2, 602779
List the prime factors of 674676.
2, 3, 6247
List the prime factors of 2569238.
2, 7, 23, 79, 101
List the prime factors of 190095.
3, 5, 19, 23, 29
What are the prime factors of 499954?
2, 7, 13, 41, 67
List the prime factors of 875191.
29, 103, 293
What are the prime factors of 2210911?
269, 8219
List the prime factors of 1757729.
23, 76423
List the prime factors of 2733497.
13, 283, 743
List the prime factors of 8399650.
2, 5, 7, 103, 233
What are the prime factors of 521875?
5, 167
What are the prime factors of 2716875?
3, 5, 7, 23
What are the prime factors of 2026993?
431, 4703
What are the prime factors of 357771?
3, 31, 3847
List the prime factors of 8887464.
2, 3, 17, 53, 137
What are the prime factors of 659485?
5, 41, 3217
What are the prime factors of 277434?
2, 3, 15413
What are the prime factors of 332028?
2, 3, 23, 401
List the prime factors of 74024.
2, 19, 487
What are the prime factors of 14134?
2, 37, 191
List the prime factors of 761452.
2, 41, 4643
List the prime factors of 3782650.
2, 5, 75653
List the prime factors of 93412.
2, 11, 193
What are the prime factors of 266108?
2, 71, 937
What are the prime factors of 6541737?
3, 53, 41143
List the prime factors of 20230260.
2, 3, 5, 193, 1747
What are the prime factors of 1703946?
2, 3, 31, 9161
What are the prime factors of 858418?
2, 11, 39019
List the prime factors of 8069740.
2, 5, 7, 57641
List the prime factors of 1744802.
2, 641, 1361
List the prime factors of 3166652.
2, 791663
List the prime factors of 1032898.
2,